 + 5*v + 2. Let f be x(7). What is the units digit of 3/5 + f/55?
6
Suppose -141*f + 1340952 + 879939 = 0. What is the units digit of f?
1
Suppose 4*z - 17 = -3*d + 6, -2 = 2*z. Let k = 12 + -7. Suppose -d*t + k*t = -604. What is the hundreds digit of t?
1
Suppose -2*k + 55429 = y - 6388, -2*k = -5*y - 61859. What is the hundreds digit of k?
9
Let n be (13 - (-1 + 3))/((-1)/(-19)). Let r = n + 227. What is the units digit of r?
6
Let o be (-3)/9 + (-20)/(-6) + -37. Let n = o - -154. Let w = n + -13. What is the units digit of w?
7
Suppose 2*o - 131 = -19. Suppose -w = -61 - o. What is the tens digit of w?
1
Let j(i) = 1788*i + 1627. What is the units digit of j(13)?
1
Let l = 383 + -385. What is the units digit of (0 - 3/l)/(8/496)?
3
Suppose 5*k = -13 - 62. Let y(x) = x + 7. Let a be y(k). What is the tens digit of (-12)/15*180/a?
1
Let v(w) = w**3 - 9*w**2 - 11*w + 1. Let p be v(10). Let g be (-3)/p*6 + (-1 - 1). Suppose 15*y - 20*y + 350 = g. What is the units digit of y?
0
Let n(k) = -k + 2. Let x be n(-2). Suppose -x*h = 2*y - 54, -h + 0*y - 9 = -4*y. Let t(z) = 2*z**2 - 19*z + 10. What is the units digit of t(h)?
3
Suppose 33*u = 20*u - 5*u + 339390. What is the thousands digit of u?
8
Suppose 8*n = 4*n. Suppose 3*d = -5*l + 365, 5*d + 4*l + l - 625 = n. What is the tens digit of d?
3
Let r(m) = 11 - 65 - 77 + 19*m - 29*m - 35*m. What is the units digit of r(-38)?
9
Let l(x) = 69*x**2 - 29*x - 337. What is the hundreds digit of l(-10)?
8
Let m(f) = f**2 - 7*f - 15. Let w be m(9). Suppose 133 = -4*d - 5*a, -5*d = -2*d + w*a + 96. What is the tens digit of (0 + (-17)/3)/(9/d)?
1
Let s(k) = 233*k**2 + 2. Let u = -7 + 6. What is the units digit of s(u)?
5
Let n(q) be the first derivative of -q**3/3 + 9*q**2 - 35*q - 4. Suppose 7*h - 87 = -31. What is the tens digit of n(h)?
4
Let a = -147813 + 239712. What is the thousands digit of a?
1
What is the units digit of (2/4)/((-376)/(-16928272))?
1
What is the thousands digit of (11 - 345/(-20))*108?
3
Suppose -12*r = 9*r - 385865 - 111541. What is the ten thousands digit of r?
2
Let l = 11 + -11. Suppose -2*q + 4*q - 2 = l. Let o(x) = 44*x**3 + x**2 - 3*x + 2. What is the tens digit of o(q)?
4
Suppose -2016 - 8511 = -33*c. Let d = c + -259. What is the units digit of d?
0
What is the hundreds digit of -7 - (-1284 + 57 - (-3 + (-2 - -2)))?
2
Let m be (8/12)/((-6)/(-279)). Let x = m - 26. Suppose 5*d = x*g + 355, 3*d + 2*d = g + 363. What is the units digit of d?
3
Suppose 6*t - 621 = 915. Suppose 5*g - 3*g = t. What is the tens digit of g?
2
Let b(h) = 6887*h - 19844. What is the ten thousands digit of b(16)?
9
Let i = -34 + 36. Suppose -i*q - 3 = 1. What is the units digit of (q - -3)*-2 - -33?
1
Let w = -21600 - -46366. What is the tens digit of w?
6
Let t = 209 + -191. What is the tens digit of t/24 + (-2954)/(-8)?
7
Let h be 4/(-6) + (-80)/60. Let n be (0 - 1)/(h/14). What is the units digit of (-2)/n + 993/21?
7
Let l(y) = -2*y + 14. Let q be l(8). Let m be 0 - -2 - q/((-2)/(-183)). Let z = 260 - m. What is the tens digit of z?
7
Let s = 64 + 75. Suppose 0 = 2*f - 207 - s. What is the tens digit of f?
7
Let f be ((-5 - -5) + -187)*2/2. Let l = -137 - f. Let d = l - -189. What is the units digit of d?
9
Suppose 4*s - 3*s + 5*f + 79 = 0, 3*f + 81 = -s. Let j be 0/(-20) + -26*2. Let g = j - s. What is the tens digit of g?
3
Let j = -38 + 38. Let x = 14 + -13. Suppose 10*q - 69 - x = j. What is the units digit of q?
7
Let g(d) = -1. Let t be ((-1)/2)/(3/(9*-4)). Let j(o) = o**3 - 10*o**2 + 6*o + 4. Let c(w) = t*g(w) - j(w). What is the units digit of c(9)?
7
What is the units digit of 124866/12 - (-14)/28?
6
Let a = 1843 + -489. Let l = -916 + a. What is the units digit of l?
8
Let v(a) = -a + 367. Let c be v(0). Suppose -28*u - 8603 + 1827 = 0. Let q = u + c. What is the tens digit of q?
2
Let m(q) = 122*q**2 + 55*q + 334. What is the units digit of m(-6)?
6
Suppose -7*m - 5*m - 2*m = -174594. What is the ten thousands digit of m?
1
Suppose 0 = 3*o + 21. Let q be 1/o*-2 - (-266)/98. Suppose l - c - 201 = -q*c, 3*l = 4*c + 593. What is the units digit of l?
9
Suppose 2*g - 3*u = 20, 5*g + 4*u = -u + 25. Let x = 24 + g. Suppose -75 + x = -q. What is the tens digit of q?
4
Let q be (-16)/(-7) + (-84)/(-49) + -2. Let i(g) = 53*g**3 - g**2 - 4*g + 3. What is the units digit of i(q)?
5
Let y be 1565/35 - (-8)/28. Let v = y + 389. What is the hundreds digit of v?
4
Suppose -11861 + 1322 = -3*s. What is the tens digit of s?
1
Suppose -3*g + 1049 = -q - 984, 0 = -3*q + 2*g - 6120. Let y = -1131 - q. What is the tens digit of y?
1
Let c = -7834 - -47126. What is the ten thousands digit of c?
3
Let c = 72 - 98. What is the tens digit of 3/((2/73)/(-22 - c))?
3
Suppose 6*t + 5*t - 17*t = -79566. What is the hundreds digit of t?
2
Let k = -227 - -78. Let x = -35 + k. What is the tens digit of (-1)/3 + x/(-3)?
6
Suppose 15*j - 34048 = 83852. Suppose j = -23*p + 24420. What is the tens digit of p?
2
Let s(l) be the third derivative of -14*l**4/3 + 73*l**3/3 + l**2 + 25. What is the hundreds digit of s(-4)?
5
Let d(y) = 443*y**2 - 18*y - 34. What is the hundreds digit of d(-3)?
0
Let q(a) = 251*a**3 - 5*a**2 + 54*a - 110. What is the units digit of q(3)?
4
Suppose 10 = -5*o, 14 = 2*j + 6*o - 10*o. Suppose 5*q - 2*q + 5*c = 1709, -j*c = 4*q - 2275. What is the tens digit of q?
6
Let h(s) be the second derivative of 13*s**3/6 - 93*s**2 + 123*s. What is the hundreds digit of h(35)?
2
Let s(a) = 8*a**2 - 29*a + 117. What is the thousands digit of s(-24)?
5
Suppose 3*v - 37 = 8. Let j(x) = x**2 - 15*x + 8. Let p be j(v). Suppose -4*o = -p*o + 128. What is the tens digit of o?
3
Let u = 142 - 147. What is the hundreds digit of 592 + (-2)/u + 132/(-30)?
5
Let y(x) = -x**3 + 13*x**2 - 11*x + 42. Let m = 377 + -365. What is the units digit of y(m)?
4
Let w = -149 + 487. Let v = -114 + w. What is the units digit of v?
4
Suppose -15*m + 16*m = -343. Let p = -120 - m. What is the hundreds digit of p?
2
Suppose 0 = 4*p - 11 + 23, -5*k = -4*p - 34132. What is the thousands digit of k?
6
Let s = 141407 - 81437. What is the thousands digit of s?
9
Suppose 4*d = -16, -d = -3*t + 9754 + 21240. What is the hundreds digit of t?
3
Suppose -3*m + r = -7, 4*r + 2 = 4*m - 10. Suppose 3*a - 869 = 4*x, 3*a = -m*a + 2*x + 1453. What is the tens digit of a?
9
Let b(s) = -2*s**2 - 34*s - 34. Let d be b(-16). What is the hundreds digit of (27 + -12)/(d/(-60)*2)?
2
What is the hundreds digit of (-418)/76*33992/(-22)?
4
Let l(g) be the third derivative of 83*g**5/60 + g**4/6 + g**3 + 20*g**2 + 1. What is the tens digit of l(-3)?
4
Suppose 4*r = -4*j + 2804, 4*j + 2042 + 1481 = 5*r. What is the units digit of r?
3
Suppose -35*t - 4665 = -5*s - 30*t, 2*t = -2*s + 1894. What is the hundreds digit of s?
9
Let z(m) = -m**2 - 5 - 1 + 12 + 1. Let f be z(2). Suppose -2*n - 56 = -f*n. What is the units digit of n?
6
Suppose -4*r + 55725 = 3*d, -1463*r = -5*d - 1459*r + 92939. What is the hundreds digit of d?
5
Suppose 0 = 4*z - 12, z = -4*h - 533. Let c = h - -217. What is the tens digit of c?
8
Let p(q) = -139*q + 254. Let i be p(2). Let m(f) = 53*f - 2. Let n be m(2). Let u = n + i. What is the units digit of u?
0
Let o = 90968 + -55000. What is the thousands digit of o?
5
Suppose 2*u - j = -160, -2*u - 160 = -16*j + 12*j. Let c = 348 - u. What is the units digit of c?
8
Suppose -2*w - 1252 = -4*w. Let c = w - 307. What is the tens digit of c?
1
Let d = 399 + -406. Let l(g) = -141*g - 28. What is the units digit of l(d)?
9
Suppose 8*f + 5*i - 50176 = 6*f, 5*f - 125440 = 3*i. What is the units digit of f?
8
Let r(o) be the first derivative of o**2 - 6*o - 16. Let g be r(4). Suppose 13 + 107 = g*k. What is the tens digit of k?
6
What is the thousands digit of -2 + ((-6648)/(-16) - -4 - -8)*18?
7
Let j(g) = -1202*g + 2209. What is the thousands digit of j(-8)?
1
Suppose 2*d + d - 3*c - 40521 = -14538, -c = 0. What is the tens digit of d?
6
Let g = -62 + 864. Let r = 1021 - g. What is the hundreds digit of r?
2
Let b be -34 - ((-5)/10)/((-3)/12). Let y = b - -120. Suppose 42*i + y = 46*i. What is the tens digit of i?
2
Let z = -268 - -686. Let c = z + -169. What is the hundreds digit of c?
2
Suppose -54*w + 6235 = -1595. Suppose 14 = 4*s - 138. Let